2 - 4*g + 12. What are the prime factors of c(z)?
3, 7
Let l = 365 + -188. What are the prime factors of l?
3, 59
Let g = -37 + 45. Suppose -3*w - 1080 = -g*w. List the prime factors of w.
2, 3
Suppose 0 = -3*z - 92 + 101. Suppose z*c - 46 - 593 = 0. List the prime factors of c.
3, 71
Let f(x) = -2*x**3 + x**2 + 4*x - 2. Let r be f(3). Let c = 81 + r. Suppose 14 = -4*t + c. List the prime factors of t.
2
Let q(h) = h - 13. Let i be q(13). What are the prime factors of i + 0 - 2 - -11?
3
Suppose -3*w - 6 + 18 = 0. Suppose -y - w*y + 20 = 0. Suppose 145 = -y*m + 9*m. What are the prime factors of m?
29
Let x be 7/(-28) + (-15)/4. Let m(y) = y**3 + 7*y**2 + 4*y - 1. What are the prime factors of m(x)?
31
Let f be (-24)/9*(5 + -2). Let w(a) = 4 + 0*a**2 + 3*a**3 - 4*a**3 - 7*a**2 + 8*a. What are the prime factors of w(f)?
2
Let l(x) = -10*x. Let n = 19 + -14. Let t = 4 - n. What are the prime factors of l(t)?
2, 5
Let r(b) = 32*b**2 - 14*b - 16. List the prime factors of r(-4).
2, 3, 23
Suppose 0 = 5*q + 25, 3*r - r = -2*q + 32. Suppose 4*a - 4 = 0, -2*g - 3*g + 115 = -5*a. Suppose 3*u - r - g = 0. What are the prime factors of u?
3, 5
Let u(j) = j**2 + 2*j + 1. Let s be u(-6). What are the prime factors of 580/s*(-45)/(-6)?
2, 3, 29
Let f = -65 + 89. Let n = f - -70. What are the prime factors of n?
2, 47
Let l = 238 - -34. What are the prime factors of l?
2, 17
Let c(z) = 56*z - 89. List the prime factors of c(6).
13, 19
Suppose 2*v = -j + 65, -5*j = -0*v + 2*v - 61. Suppose -5*l - 8 = -v. Let w(u) = 2*u**2 - 3*u - 11. What are the prime factors of w(l)?
2, 3
Let p = 72 - 277. Let s = p - -296. List the prime factors of s.
7, 13
Let x(y) = y - 4. Let f be x(7). Suppose 0 = 4*a + 3*u - 15 - 10, f*a + 4*u - 24 = 0. Let p = 14 + a. List the prime factors of p.
2, 3
Let v = 12 + -10. Suppose 3*s + 4*f - 197 = v*f, 2*s + 4*f - 118 = 0. List the prime factors of s.
3, 23
Suppose 16*q - 25658 = -1930. List the prime factors of q.
1483
Let n = 1455 - -116. List the prime factors of n.
1571
Let f = 299 + 1248. List the prime factors of f.
7, 13, 17
Suppose 2*i + 595 = 5*s, -i + 2*i = 0. Suppose -3*y + s = -16. What are the prime factors of y?
3, 5
Suppose -7*z - 4 = -8*z. Suppose -3*k = -z*k + 94. List the prime factors of k.
2, 47
Suppose 0 = -3*g + 4*g - 5. Let o be -2 + 61 - g/(-5). Suppose 0 = 4*y - 0*y - o. List the prime factors of y.
3, 5
Let z(i) = -3*i**3 - 3*i**2 + 2*i - 3. Let o be ((-6)/10)/(2/10) - 0. What are the prime factors of z(o)?
3, 5
Let y = -40 - -44. Let v be -36 + (-1 - 0) + -1. What are the prime factors of y*(2 - v/8)?
3
List the prime factors of 4662/9 - (3 - 4).
3, 173
What are the prime factors of (-2284560)/(-640) + (-3)/(-8)?
2, 3, 5, 7, 17
Let k be (-2)/(12/(-27))*10. Suppose 5*p = n + 1, -p + 0*p = 4. Let g = n + k. What are the prime factors of g?
2, 3
Let u = -2282 - -3890. List the prime factors of u.
2, 3, 67
What are the prime factors of 93*(14/(-84))/((-3)/12)?
2, 31
What are the prime factors of (-3)/(((-102)/(-364))/(-17))?
2, 7, 13
Let h(m) = -m**3 + m**2 + 278. List the prime factors of h(0).
2, 139
Let c = 106 + 90. What are the prime factors of c?
2, 7
Suppose -s = -4*t - 0*s + 13, 0 = t - 2*s - 5. Suppose 3*a + 104 = 4*f, -4*f + t*a + 75 = -f. List the prime factors of f.
29
Let x(g) = 28*g - 7. Let k(m) = m**3 + 7*m**2 + 8*m + 14. Let v be k(-6). What are the prime factors of x(v)?
7
Let l be (-8)/(-7)*(-112)/(-32). Suppose -2*t = 3*t - 625. Suppose l*d - 3*n + 6*n = t, -n - 145 = -4*d. List the prime factors of d.
5, 7
Let w be 5/((-20)/(-36)) - 3. Suppose -4*p + w = 22, -3*p = j - 204. List the prime factors of j.
2, 3
Suppose -w - 2*b + 753 = 0, -10*w + 13*w = -4*b + 2255. What are the prime factors of w?
7, 107
Let z = -99 - -165. Let j = -51 + 18. Let l = z + j. What are the prime factors of l?
3, 11
Suppose -8*m - m = -1674. What are the prime factors of m?
2, 3, 31
Let q(g) = g**3 - 42*g**2 - 29*g + 37. List the prime factors of q(43).
3, 71
Let t(f) be the second derivative of -2*f + 0 - f**2 - 1/6*f**3. List the prime factors of t(-11).
3
Suppose 3*z = -0*q + q + 61, -8 = 2*q. Suppose 0 = u + u + 18. Let i = u + z. What are the prime factors of i?
2, 5
Let f(v) = v + 14. Let t be f(7). Let i = t + 62. What are the prime factors of i?
83
Let u be 172/(-22) - 4*3/66. What are the prime factors of -4*((-214)/24)/(u/(-24))?
107
Suppose 0 = 5*o + 24 + 76. What are the prime factors of 1/4 - 735/o?
37
Suppose -5*w + 1381 = 2*a, -2*a = -4*w - 1433 + 7. List the prime factors of a.
19, 37
List the prime factors of 553/(-56)*2*-8 - -5.
163
Let u(q) = 11*q**2 + 21*q - 55. What are the prime factors of u(7)?
631
Let a(x) be the first derivative of 3*x**4/4 + 4*x**3/3 - x**2 - 2*x - 10. List the prime factors of a(2).
2, 17
Let a(t) = -13*t**3 + 5*t**2 + 7*t + 95. List the prime factors of a(-5).
2, 5, 181
Let j = -1 - -4. Let h(v) = -1 - v - 7*v**2 - 8*v**j + 5 + 7*v**3. What are the prime factors of h(-7)?
11
Let l(p) = -p + 20. Let f(d) = -d**2 - 2. Let w be f(3). What are the prime factors of l(w)?
31
Let p(a) = a + 0 + 6*a + 21*a**2 + 1 + a**2. List the prime factors of p(-2).
3, 5
Suppose i - 4*c - 9 - 10 = 0, 2*i = -5*c - 14. Suppose -197 = -i*m + m + 3*p, -5*p + 267 = 3*m. What are the prime factors of m?
2, 47
Suppose 86*i = 66*i + 18540. What are the prime factors of i?
3, 103
Let x(l) = -3*l**3 - l**2 - 5*l + 780. What are the prime factors of x(0)?
2, 3, 5, 13
Let b(n) = 4*n**2 + 5*n**2 + 1022 - 1015 + 0*n**2 - 31*n. List the prime factors of b(7).
3, 7, 11
Let g = 117 - 100. What are the prime factors of g?
17
List the prime factors of -1*(-1713 + 4) + (-1 - 5).
13, 131
Let j = 6 - -19. Let o = 60 - j. List the prime factors of o.
5, 7
Suppose 7*i - 4*i = 12. Suppose -i*q + 1113 = j, -5*q + 1088 = 2*j - 307. What are the prime factors of q?
277
Let c(r) be the third derivative of r**6/120 + 3*r**5/20 + 7*r**4/12 + 13*r**3/6 - 14*r**2. List the prime factors of c(-7).
13
Let a(y) = -y**2 + 22*y - 12. Let t be a(13). Let r = -61 + t. Suppose -20 = -3*g - 4*i, -2*g + 0*g + 5*i + r = 0. List the prime factors of g.
2, 3
Suppose -4*o = -5*m - 8*o + 5928, m = -3*o + 1190. What are the prime factors of m?
2, 37
Let t(y) = 28*y**2 + 14*y + 8. Let l be t(-8). Suppose -13*j = -2 - l. List the prime factors of j.
2, 5, 13
Suppose -19*c - 8 = -20*c. Suppose -2*m + 0*m = -18. Let j = c + m. What are the prime factors of j?
17
Let r be 65/10 + (-2)/4. Let m = 1 - r. List the prime factors of (-30)/8*(m - -1).
3, 5
Let y = 18 - 12. Let j = -1 + y. Suppose -j*c + 58 = -3*c. List the prime factors of c.
29
Suppose -g = -0*g - 2. Let b(s) = s**3 - 2*s**2 + 2*s**3 + 2*s - 5 - g*s**3 + 0*s**3. List the prime factors of b(4).
5, 7
Let q(l) = l**2 + 6*l + 7. Let t be q(9). Suppose 4*b - 2*b - t = 0. What are the prime factors of b?
71
Suppose -3*z = -5*i + 21, i = -4*z + 6*z + 7. Suppose -18 = -2*y + 2*j, 2*y + i*j = -j. What are the prime factors of 129/27 + y/27?
5
Let g(w) = -5*w**3 + 3*w**2 - w - 6. What are the prime factors of g(-4)?
2, 3, 61
Let v(a) = -a**2 + 4 - 2*a - 10*a + 0*a. Let g(f) = -10*f**2 + f. Let r be g(-1). List the prime factors of v(r).
3, 5
Suppose 3*x = -2*n - 13, -6*n = -n + 4*x + 15. Let u(h) = 2*h + 1. List the prime factors of u(n).
3
Let b(r) be the first derivative of -7*r**2/2 + 4*r - 24. Let y be (-4)/(-10) + (-68)/20. What are the prime factors of b(y)?
5
Suppose 4*d = -2*o - 2*o - 24, -3*o = d + 2. What are the prime factors of (2 - -75) + (-9 - d)?
2, 19
Suppose 0 = -3*b + 4*a + 1109, -5*a = -7 + 2. List the prime factors of b.
7, 53
List the prime factors of 110*(-1 - -2)/(120/3408).
2, 11, 71
Suppose -5*c = 5*m - 20875, -4*m + 8515 + 8090 = -15*c. List the prime factors of m.
2, 3, 5, 139
Let k be 8 - -4*(-2)/8. Let g = 4 - k. Let d(a) = -a**3 - a**2 - a - 2. List the prime factors of d(g).
19
Let b(w) = -w**2 - 32*w - 42. List the prime factors of b(-27).
3, 31
Suppose -399425 = -49*o - 16*o. List the prime factors of o.
5, 1229
Let z(w) = -w**2 + 3*w + 7. Let y be z(-4). List the prime factors of 2195/35 + (-6)/y.
3, 7
Let h be ((-18)/21)/(1/14). List the prime factors of (-3470)/(-60) - 2/h.
2, 29
Suppose 3*o = -4*n, 2*o = 4 - 12. Let l be ((-14)/n)/((-4)/54). List the prim